alculate -12 - 1 - ((-4 + 21 - 11) + -10).
-9
What is -7 - (-11 - -7 - -4 - 17)?
10
Calculate -6 + (-10 - -2 - -7) + -8 + 0.
-15
Calculate (11 - 1) + (-88 - -39) + 45.
6
What is the value of 32 - (14 + (-21 - 9) - -23)?
25
What is 0 + -13 - (-53 - -49) - -3?
-6
What is the value of (-5 - -16) + -21 + 22?
12
What is (0 + -1 - (0 - -1)) + -772 + 757?
-17
-2 + 8 + 1 + (-20 - -38)
25
Evaluate -8 + 14 + -7 + (16 - 1).
14
What is the value of -10 + (11 - -10) + (-27 - 4) - 6?
-26
Calculate -27 + (-1 + -16 - -29) - -8.
-7
What is the value of 73 - 141 - (-40 + 6)?
-34
What is -41 - -38 - (-12 + -4 + 1 + 3)?
9
Evaluate 0 + (2 - 11) + (437 - 405).
23
Evaluate 7 + -5 + -1 + (-5 - -18 - 8).
6
Evaluate -13 - (0 + 4 + -6 - (6 + -4)).
-9
What is 22 + -16 + (0 - -2) + -24?
-16
1 + (5 - (8 + -2) - (-11 + 5))
6
Evaluate 373 - 370 - (-8 + 0 + 2).
9
Evaluate -69 + -6 + 50 + -3.
-28
What is the value of 3 + (-1 + -7 + 5 + -2 - -8)?
6
Evaluate 4 + -1 + 75 + -79 - 1 - 39.
-41
Evaluate 1 + 0 + (-11 - -14) + -2.
2
What is the value of -5 + -3 - 0 - (-40 + 26)?
6
What is the value of (172 - 170) + (-2 - -3) + -15?
-12
(8 - (9 - 4)) + 14 - 3
14
(-1 - -17) + (-8 - (-15 - 0)) + -8
15
Calculate 468 - 467 - (-1 + -1 + 5).
-2
What is (-2 - (-1 + 15)) + (-230 - -230)?
-16
What is (10 - 12 - (-4 - -4)) + (-1 - 2)?
-5
What is 0 + -11 + (-40 - -49)?
-2
What is the value of (-5 - (2 + -9 - (-8 - -6))) + 6?
6
6 - (4 + 6 - (6 - (10 - -1)))
-9
What is -22 - (20 - 27) - -26?
11
Calculate 11 - (5 - (-7 + 10)).
9
Evaluate (4 - (11 - (20 - 1))) + -14 - 23.
-25
What is the value of -6 - ((-6 - -6) + 3)?
-9
What is 25 + -24 - 23 - -46?
24
8 + -12 + 15 + -7 - (1 - 1)
4
What is the value of 353 + -368 - (-23 - 1)?
9
4 + 4 + 0 + -6 - 6 - 6
-10
What is -73 + 46 - (-20 + (-3 - -6))?
-10
Evaluate (5 - ((10 - 16) + 2 + 3)) + 10.
16
What is (-9 - -5) + -26 + 5?
-25
Evaluate 45 + (-18 - (-20 - -15) - 2).
30
Evaluate -326 - -357 - (18 - 1).
14
-12 + 9 + 3 + -12
-12
-15 + -23 + 19 - -6
-13
-50 + (7 - (-14 - -14)) - (-5 - 1)
-37
Calculate -23 - (-25 - -34 - (2 + 12)).
-18
(-30 - -6) + (0 - (9 - (-2 + -1)))
-36
Evaluate -13 + 0 + (-35 - -33) + -1 + 7.
-9
Evaluate 32 + 7 + -19 - 36.
-16
What is the value of (18 - 11) + (-16 - (-3 - 0))?
-6
Calculate (-24 + -1 + 33 - (20 - 0)) + 3.
-9
Evaluate (-16 - 1) + (-6 - (-20 - -20)) - -7.
-16
3 + (5 - (-7 + 5 + (8 - -1)))
1
What is 241 + -267 + 1 + 46?
21
What is 3 + (-1 - (5 - (-1 + 5))) - -4?
5
What is the value of -2 - -33 - (24 + -12) - -8?
27
Calculate 7 + (-3 + (3 - -10) - (52 + -61)).
26
What is the value of 6 - ((15 - (15 + -4 - 10)) + -1)?
-7
Evaluate -18 + 9 - (-6 + 5 - 5).
-3
Calculate -12 + 9 + 3 - 5.
-5
What is 25 + (2 - (10 - 25) - 10)?
32
What is the value of -35 + -3 + (-19 - 3) + 35?
-25
28 + -2 - (-455 + 463)
18
What is the value of -3 + (-6 - -8 - 2)?
-3
What is (3 - 1) + 8 - 3?
7
Calculate 21 + 0 - (913 + -864).
-28
What is 2 + 0 - (-22 - (-26 - -7))?
5
-1 + -13 - (120 - (43 - -63))
-28
What is the value of -5 + (19 + -23 - -10)?
1
Evaluate -6 - 14 - (11 + 0 + 2 + -2).
-31
What is the value of 54 + -34 + (-13 - 0)?
7
Calculate -9 + 18 + -13 + (3 - 10).
-11
Calculate (5 - (-4 - -20)) + -1 + (-3 - -7).
-8
Calculate 13 + -8 - (3 + -3 - -3 - -4).
-2
Evaluate (6 - 53 - -21) + (11 - 1) + -1.
-17
81 + -44 - 38 - (2 - (0 + -1))
-4
Calculate 13 - 49 - -26 - (-1 - 6).
-3
Evaluate 9 - (-10 + (2 - -18)).
-1
Calculate 7 + (-2 + 12 - 21).
-4
Evaluate 17 + (-3 - (-8 + (11 - 3))).
14
Evaluate 25 + -6 + (-2 - (-6 - (4 + -6))).
21
0 - 54 - (-19 + -15)
-20
What is the value of 12 - ((65 - 21) + -26)?
-6
What is the value of 4 + (-3 - -3 - 7) + 6 + -19?
-16
Evaluate -6 - -10 - (11 - (1 + -7)).
-13
Calculate -22 + (22 - 15) + -4.
-19
Evaluate -3 - (-1 + -6 + -4 + 20 + -2).
-10
-3 + (16 - (6 + -4))
11
What is the value of 8 - (0 + (5 - 14) - -14) - -6?
9
-6 + (15 + (24 - 13) - 10)
10
Calculate (-1 - -2 - (-19 + 11)) + -1 - 6.
2
What is -5 - (0 - 9) - 4 - -9?
9
Evaluate (-1 - (16 - 9)) + 5 + -9.
-12
Calculate -27 - -27 - -25 - 30.
-5
Calculate -322 + 301 - (-13 - (0 + 1)).
-7
What is (-38 - -34) + -1 + (-4 - 5)?
-14
Calculate 1 - -19 - (24 - 7).
3
What is the value of -33 - -25 - (3 - 1) - 6?
-16
What is -6 + -1 - (178 + -177)?
-8
What is the value of 4 - -1 - (21 + (4 - 11) + -13)?
4
Calculate 5 + 0 + 0 + -3 + (167 - 167).
2
What is the value of -49 + 58 - (21 + 1)?
-13
Evaluate 22 - 31 - (30 - 41).
2
Evaluate 1 + (-1 - -6) + -13.
-7
Evaluate (37 - 68) + 17 + 4.
-10
Calculate -7 + (11 - -30 - 17).
17
Calculate 3 + 2 + -2 + -6 + 15.
12
19 + -20 - (11 - (-1 - 0 - -3))
-10
Evaluate (1 - (9 + -8 + -9)) + 6.
15
Evaluate (7 - -14) + (-19 - 6).
-4
Calculate -37 + (55 - 7 - -19).
30
Evaluate 42 - 10 - (2 - -12).
18
2 - 16 - (14 + -21)
-7
What is (-5 - -36 - 32) + 1 + 19?
19
(-6 - 0 - 2) + (5 - 0)
-3
78 + -88 - (0 - 0)
-10
What is the value of 19 + (-13 - 0) + (5 - -2)?
13
What is the value of (1 - -3) + (-24 - 1 - (-89 + 72))?
-4
Evaluate -1 + 5 + -1 + -2 + 5 + -1.
5
Calculate -19 - (-8 - (0 - -4)).
-7
3 + -6 - -19 - (11 + (9 - 15))
11
-3 + (-8 - -5 - (1 + -3 - 1))
-3
-6 + (8 - -2 - -4) + -16
-8
Evaluate -27 - ((6 - 61) + 12).
16
What is 0 + -16 + 77 + -43 - 52?
-34
Calculate (-9 - -23) + -7 - (6 - -1).
0
-8 + 25 + -15 - 7
-5
Evaluate (53 - 49) + (-1 - 20).
-17
What is -9 + 4 - (0 - 3 - 1)?
-1
What is the value of 4 + -12 - (-1 - -13)?
-20
Calculate 2 + -10 + -5 + 7 + -3 - -32.
23
What is the value of (-9 + (-1 - -8) - -3) + 20?
21
(-4 - 6) + -14 + (-12 - -12)
-24
38 - (-18 + 64) - -35
27
Evaluate (3 - -2 - 7 - (-2 - 2)) + -7.
-5
Evaluate 0 + 10 + (-3 - 12 - (44 + -52)).
3
Evaluate (-201 - -252) + (3 - 22).
32
Calculate 1 + -6 - (-7 + (12 - 0)).
-10
Evaluate -36 + -7 + (50 - 25).
-18
Calculate -23 + 35 - ((2 - -2 - 1) + -5).
14
What is (21 - 30 - -13) + 1 + 1 + 1?
7
Calculate (8 - (20 + -5)) + -2 + -4 + 7.
-6
What is 1 + 13 + -23 + -4 + 1 + 2?
-10
Evaluate 9 - (-2 + -7 + (8 - -1)).
9
(-30 - (-42 - -20)) + -12
-20
What is -4 - 0 - (-16 + 27 - (0 - -17))?
2
What is the value of -5 + -1 - ((0 - 1 - -5) + 1)?
-11
Calculate 40 + 2 + 2 + -11 + -7.
26
What is -5 + -11 + 15 - -2?
1
What is 18 - (32 + -5) - (-4 - -1)?
-6
What is the value of (-702 - -658) + -1 + 25?
-20
What is 14 - (-8 - (2 - 11))?
13
Calculate 4 - (-19 - -18) - (0 - 7).
12
What is the value of (-4 - 2) + 2 + 2 + 35?
33
Evaluate 20 + (12 - 2) + (-15 - -11).
26
What is the value of 7 - (-13 - (1 - 13))?
8
-19 - -6 - (3 - 6 - 12)
2
Evaluate (-1 - 8) + (-20 - -39).
10
Evaluate -26 + (-10 + 31 - 16).
-21
What is the value of (-643 - -641) + -3 + -1 + -26?
-32
What is 2 + 10 - (-4 - (-12 + 21) - -13)?
12
Calculate 6 + -5 + (-1 - 4) - 7.
-11
What is -1 + 11 - (0 + 14 - (27 - 57))?
-34
What is -1 - 6 - (25 - (-5 + 9) - 1)?
-27
-8 - ((-6 - 4) + -8)
10
What is the value of (15 - (-14 + 22)) + 17 + (5 - 4)?
25
What is the value of -14 + (35 - 13) + 1 + 0?
9
What is 16 - (76 + -38) - -3?
-19
Evaluate 5 - (14 + -4) - (14 + (3 - 11)).
-11
Evaluate 29 - (-4 + 13) - 47.
-27
Evaluate 5 + (7 - (12 - 7) - (2 - -7)).
-2
What is 6 + 4 + -14 + 0 + (-1 - 12)?
-17
Calculate ((7 - 5) + -3 - 2) + -9.
-12
What is the value of 7 + -15 - 3 - -10 - 8 - 3?
-12
Evaluate 11 - (10 - 26 - -17).
10
Calculate 0 + -4 + -118 + 122 + (1 - -4).
5
(-15 - (-14 + 7)) + -24 + 7
-25
Evaluate (-3 - 28 - 33) + 27.
-37
Calculate -875 + 878 - (2 + 1 + -1).
1
What is 26 - (0 + 10 - (38 + -26))?
28
Calculate -1 + -15 - (44 + -56).
-4
4 + -2 + -5 + -5 + 0 - -2
-6
Evaluate 27 + (-1 + 27 - 52).
1
Evaluate (5 - (-7 - (-1 + -21))) + 9.
-1
Evaluate (-1 + -15 + 16 - -10) + (1 - 8).
3
Calculate 2 + -3 + 4 + (-4 - -6).
5
Calculate 30 + (-16 - (-4 - -23)).
-5
Calculate (7 - 2) + -30 + 28.
3
What is the value of -18 - 7 - (8 - 37)?
4
Evaluate (-2 - -13) + (-15 + 10 - -3) + 14.
23
What is 0 + 9 + -3 - (-11 + (0 - -9))?
8
(-1 - (13 + 1)) + (87 - 40 - 42)
-10
Calculate (-2 - 2) + -28 + 25 - (0 - 2).
-5
(-17 - 6) + 13 - 13
-23
Calculate -5 - (-2 + -22 + (-6 - (1 - 14))).
12
Calculate 4 + (5 - 1) + -5 + -1.
2
-6 + 20 + (38 - 24)
28
What is -26 + 1 - (1 - 6 - -7 - 12)?
-15
What is the value of 6 + 1 + (-24 - (4 + -10))?
-11
What is the value of 32 + (-9 + 8 - 19)?
12
12 - (-1 - (-4 + 1) - (-24 + 21))
7
Evaluate 13 - (12 - (-6 - -14)).
9
-16 + (-5 - -9) - (-3 + 7 + 3)
-19
Wh